1afb
What is 115415 (base 7) in base 15?
63db
What is 104 (base 11) in base 13?
98
1041 (base 6) to base 15
111
Convert -263536 (base 7) to base 16.
-c0a9
What is -101100011110101 (base 2) in base 16?
-58f5
-1a7 (base 16) to base 10
-423
Convert 1aad (base 15) to base 13.
2833
1100000100100 (base 2) to base 9
8426
What is -526 (base 10) in base 2?
-1000001110
-12354 (base 6) to base 13
-b0b
-436 (base 13) to base 14
-397
14cd (base 16) to base 9
7266
-16778 (base 11) to base 9
-35276
What is 5152 (base 6) in base 15?
518
What is -544 (base 7) in base 4?
-10111
10010111111 (base 2) to base 8
2277
10020100 (base 3) to base 11
1854
What is -801 (base 9) in base 13?
-3ac
What is -100101101 (base 2) in base 3?
-102011
-7e4 (base 15) to base 12
-1051
What is -200011201 (base 3) in base 11?
-9a55
341024 (base 5) to base 15
385e
779 (base 15) to base 6
11453
Convert 1664 (base 11) to base 16.
84f
Convert 1fda (base 16) to base 9.
12160
Convert -20257 (base 9) to base 15.
-3e41
-65d9 (base 15) to base 12
-105a3
What is 112433 (base 7) in base 5?
1120424
-2461 (base 10) to base 2
-100110011101
Convert 220210 (base 3) to base 2.
1010011101
3567 (base 8) to base 2
11101110111
What is -162 (base 14) in base 6?
-1150
a065 (base 14) to base 13
c6b8
10020222 (base 3) to base 5
34000
What is -104422 (base 5) in base 16?
-e99
What is 698 (base 14) in base 6?
10022
Convert -675 (base 12) to base 15.
-438
Convert 10101111010 (base 2) to base 3.
1220221
Convert 362 (base 8) to base 12.
182
Convert c972 (base 13) to base 4.
12311022
-5455 (base 8) to base 4
-230231
What is -33332 (base 5) in base 14?
-bd4
Convert b7 (base 15) to base 12.
124
Convert -101121201 (base 3) to base 14.
-2b6d
-3e9 (base 15) to base 7
-2415
Convert -8605 (base 12) to base 6.
-152005
What is 350 (base 14) in base 3?
220101
What is 4e6 (base 16) in base 13?
756
What is -11256 (base 9) in base 5?
-220003
-321021 (base 4) to base 2
-111001001001
20320321 (base 4) to base 14
d3a9
Convert 2555 (base 6) to base 2.
1010000111
Convert 71676 (base 8) to base 15.
8ba5
400 (base 6) to base 4
2100
Convert 1154 (base 6) to base 13.
190
171b (base 15) to base 6
35012
Convert 148 (base 14) to base 5.
2020
What is -444 (base 12) in base 13?
-394
Convert 1990 (base 12) to base 8.
6074
-115 (base 6) to base 3
-1202
Convert 29270 (base 12) to base 16.
e034
-19319 (base 11) to base 9
-41033
Convert 34243 (base 5) to base 14.
c6c
What is -10229 (base 11) in base 7?
-61324
What is -667d (base 15) in base 12?
-1069a
-3145 (base 10) to base 8
-6111
-6165 (base 14) to base 11
-11647
What is -42655 (base 11) in base 9?
-104052
b04d (base 15) to base 11
25a47
Convert 16a93 (base 13) to base 11.
2a7a4
What is 3113 (base 7) in base 14?
57a
5343 (base 14) to base 12
8393
-3229 (base 12) to base 11
-4155
Convert -43045 (base 6) to base 16.
-16e5
563 (base 10) to base 14
2c3
-6362 (base 7) to base 9
-3068
Convert 3014 (base 6) to base 7.
1630
What is 1809 (base 12) in base 16?
b49
1001011011 (base 2) to base 15
2a3
What is -131223 (base 4) in base 13?
-b31
Convert -16a7 (base 13) to base 11.
-2574
What is -455305 (base 6) in base 2?
-1001011101111001
-549 (base 10) to base 8
-1045
What is 2262 (base 10) in base 16?
8d6
230 (base 7) to base 6
315
-406 (base 8) to base 6
-1114
Convert 741 (base 11) to base 15.
3e7
50551 (base 7) to base 5
343121
-2085 (base 13) to base 4
-1012113
What is -72 (base 8) in base 12?
-4a
What is -421001 (base 5) in base 12?
-8044
Convert 32142 (base 7) to base 14.
2c92
What is 222020 (base 3) in base 4?
23010
What is 27453 (base 8) in base 11?
9088
Convert -15d4 (base 15) to base 7.
-16462
18335 (base 14) to base 5
3423003
Convert 802 (base 12) to base 3.
1120202
Convert 63000 (base 7) to base 2.
11110001001011
Convert -2553 (base 8) to base 7.
-4021
What is -756 (base 10) in base 5?
-11011
1011000 (base 2) to base 14
64
11 (base 4) to base 11
5
Convert -52 (base 7) to base 9.
-41
What is -10111220 (base 3) in base 13?
-1221
Convert 28522 (base 10) to base 14.
a574
Convert 13728 (base 10) to base 7.
55011
What is 1721 (base 16) in base 9?
8108
What is 11340 (base 5) in base 10?
845
What is 2552 (base 8) in base 15?
626
Convert -2102313 (base 4) to base 12.
-5533
-6a3 (base 15) to base 14
-795
1550 (base 8) to base 12
608
77b (base 14) to base 12
a35
-5453 (base 6) to base 12
-889
What is -2251 (base 6) in base 4?
-20113
Convert 104100 (base 9) to base 8.
171136
What is 25404 (base 6) in base 11?
2963
-1171 (base 10) to base 8
-2223
What is 62104 (base 8) in base 5?
1310133
525030 (base 6) to base 16
a64a
Convert 54425 (base 7) to base 13.
6257
-139f (base 16) to base 6
-35131
What is -2564 (base 7) in base 8?
-1721
What is -231332 (base 5) in base 2?
-10000010010110
Convert -3553 (base 15) to base 7.
-45012
What is -17071 (base 11) in base 4?
-11313210
What is -2354 (base 8) in base 15?
-590
Convert 5b3 (base 15) to base 10.
1293
279a (base 11) to base 2
111000100010
Convert -2072 (base 11) to base 13.
-132b
Convert -157 (base 15) to base 9.
-371
429 (base 15) to base 2
1110101011
-100100010100 (base 2) to base 7
-6530
-232340 (base 5) to base 7
-33460
1111 (base 7) to base 6
1504
What is -4215 (base 6) in base 2?
-1110110011
Convert -2251 (base 8) to base 14.
-613
Convert 342 (base 13) to base 4.
20301
What is d11 (base 16) in base 6?
23253
151 (base 10) to base 7
304
Convert -28375 (base 10) to base 8.
-67327
2c3 (base 13) to base 11
412
201121102 (base 3) to base 12
8332
257 (base 14) to base 11
397
a3c (base 14) to base 11
1571
Convert -110333 (base 4) to base 8.
-2477
What is 2123310 (base 4) in base 5?
304342
-3556 (base 7) to base 11
-a96
What is -6b48 (base 12) in base 2?
-10111011101000
206 (base 16) to base 9
635
What is 311 (base 10) in base 7?
623
-3050 (base 11) to base 2
-111111010000
81a2 (base 12) to base 11
a64a
Convert 1332100 (base 5) to base 9.
41216
What is -1000010011000101 (base 2) in base 15?
-a10e
Convert 2151 (base 6) to base 13.
2c5
-1f (base 16) to base 12
-27
What is -2155 (base 7) in base 11?
-645
3322 (base 13) to base 16
1bd6
Convert -1304403 (base 5) to base 14.
-948b
-6356 (base 7) to base 13
-103a
Convert -1aa2a (base 14) to base 7.
-401553
-77336 (base 9) to base 3
-2121101020
What is -3223322 (base 5) in base 6?
-1101513
Convert 6220 (base 13) to base 9.
20521
Convert 18335 (base 12) to base 4.
20203121
What is -4131 (base 7) in base 3?
-1222110
What is 736c (base 13) in base 11?
11004
What is -105154 (base 6) in base 9?
-13217
2100100 (base 3) to base 10
1710
202053 (base 7) to base 9
52083
What is -13203 (base 6) in base 3?
-2202210
What is -101110011001011 (base 2) in base 6?
-301551
What is -34a (base 16) in base 12?
-5a2
Convert -441 (base 12) to base 14.
-329
What is -2153 (base 8) in base 5?
-14011
Convert 4252 (base 13) to base 4.
2033221
4807 (base 9) to base 15
10d1
What is 18156 (base 10) in base 8?
43354
-5302 (base 15) to base 7
-102113
-7ab (base 13) to base 6
-10044
What is -1be1 (base 15) in base 2?
-1011110101101
What is -2240 (base 10) in base 9?
-3058
What is 32153 (base 6) in base 10?
4389
-19aa (base 11) to base 3
-10111002
What is 50851 (base 10) in base 9?
76671
5084 (base 11) to base 14
265d
-21103212 (base 4) to base 9
-57253
-12030 (base 4) to base 5
-3041
Convert 12001212 (base 4) to base 3.
1020212000
-6a4 (base 14) to base 16
-528
2689 (base 11) to base 9
4702
Convert 11802 (base 9) to base 6.
100432
What is 40811 (base 9) in base 14?
9b38
What is -71c6 (base 15) in base 6?
-303140
Convert -1a00 (base 11) to base 9.
-3433
Convert 551 (base 6) to base 8.
323
Convert -2439 (base 13) to base 9.
-7016
35403 (base 12) to base 4
101130003
What is -3b2 (base 13) in base 5?
-10102
What is -13ad (base 15) in base 6?
-31301
Convert 1414 (base 11) to base 13.
aaa
Convert 46668 (base 9) to base 3.
1120202022
-314 (base 13) to base 6
-2232
Convert -331221 (base 4) to base 9.
-5363
Convert 2056 (base 8) to base 7.
3056
What is 73 (base 13) in base 5?
334
What is 139b7 (base 14) in base 15?
e5d3
Convert -212 (base 16) to base 13.
-31a
What is 540 (base 8) in base 14?
1b2
35332 (base 8) to base 4
3223122
Convert 1a2 (base 14) to base 15.
178
What is 98ba (base 12) in base 3?
212002221
What is 1040 (base 5) in base 7?
265
Convert 2480 (base 